= 10 - -4. Calculate the remainder when 39 is divided by q.
11
Let z = -17 + 19. Suppose -3*g + 4*g = 6. Calculate the remainder when g is divided by z.
0
Let g(c) = c**3 + 8*c**2 - 6*c + 4. Calculate the remainder when g(-8) is divided by 18.
16
Suppose 0 = -10*f + 47 + 53. Let c = 4 + 0. Calculate the remainder when f is divided by c.
2
Let i = 60 - 47. Let c = 21 - -28. What is the remainder when c is divided by i?
10
Let k = -15 + 31. Calculate the remainder when k + (-1 - (2 - 1)) is divided by 8.
6
Suppose -2*s - 2*s = -160. Suppose -49 = -a + 14. Suppose 28*p - 25*p = a. Calculate the remainder when s is divided by p.
19
Let q(o) = 7*o**2 - o - 1. Let x be q(-1). Let a = x + 94. Calculate the remainder when a is divided by 26.
23
Let m = -2 - -4. Suppose -2*j + m*a + 18 = -a, j - 35 = -5*a. What is the remainder when j is divided by 8?
7
Suppose 3*v = 0, -30 = -3*k - v + 2*v. What is the remainder when k is divided by 3?
1
Let l(j) = 8*j**2 - 7*j + 2. What is the remainder when l(4) is divided by 21?
18
Let u be (-3 - 1)*2/(-4). Suppose -n + u*n = 9. Let l = 10 - -16. Calculate the remainder when l is divided by n.
8
Calculate the remainder when 11/22 - 318/(-4) is divided by 24.
8
Suppose 3*q + 24 = -48. What is the remainder when 19 is divided by 8/q*(-34 + 1)?
8
Calculate the remainder when 2*(3/3 - -3) is divided by 5.
3
Let n = -7 - -12. Suppose 42 = n*h - 28. Calculate the remainder when h is divided by 5.
4
Let x(a) = 2*a + 10. Let s be x(-7). Let p be s*((-9)/(-6) + 0). Calculate the remainder when 2 is divided by 1/3 - 10/p.
0
Let s = 23 - 17. What is the remainder when s is divided by 2?
0
Calculate the remainder when (1 - 1) + (72 - -1) is divided by (-400)/24*(-3)/2.
23
Let y(j) = 13*j + 1. Calculate the remainder when 27 is divided by y(1).
13
Let y(b) = -2*b + 7. What is the remainder when 87 is divided by y(-4)?
12
Let g be 1/((-2)/2) - 0. Suppose 4*r = f + 8, 3*r + 52 = 5*f + 6*r. Calculate the remainder when f is divided by ((-12)/2)/(g - 1).
2
Suppose 1 = r - 67. What is the remainder when r is divided by 15?
8
Suppose w = 4*w - 120. Let r(o) = o + 23. Let a be r(-18). Suppose -2*c - a*p - 7 = -w, 0 = -2*p + 10. What is the remainder when 11 is divided by c?
3
Let k(g) = 3*g - 4. What is the remainder when k(5) is divided by 4?
3
Suppose -2*o = 5*t - 40, 9*t - 4*t - 40 = 5*o. Suppose 3*w = 2*w - 2*h + 17, -2*w - 5*h = -35. What is the remainder when w is divided by t?
7
Let u = 210 - 70. Suppose -5*w + u = -w. Let n = w + -16. Calculate the remainder when n is divided by 7.
5
Suppose 5*s = -2*u + 6, -u + s + 29 = -3*s. What is the remainder when 23 is divided by u?
10
Suppose 48 = -f + 126. Let o = f - 50. Suppose -4*a - 5*l = -l - 56, 2*a - 24 = -l. What is the remainder when o is divided by a?
8
Let j = 21 - 31. Let o = j - -32. What is the remainder when o is divided by 0/(-1) + 2 - (-4 + -2)?
6
Let x = -12 + 28. What is the remainder when 63 is divided by x?
15
Suppose -4*g = 3*q - 2*g - 29, -16 = -4*g. Suppose -3*f - f - 2*c + 50 = 0, 0 = -2*c + 2. Calculate the remainder when f is divided by q.
5
Let h be -1 + 3/(6/194). Calculate the remainder when (-33)/4*h/(-36) is divided by 6.
4
Suppose 0*q = -4*q + 52. Let k = q - 4. Calculate the remainder when 26 is divided by k.
8
Let a(u) = 4*u - 13. Let c(s) = -5*s + 14. Let i(j) = -6*a(j) - 5*c(j). What is the remainder when 30 is divided by i(0)?
6
Suppose -4*x + 4*q - 4 = 0, 0 = x + 4*q + q - 29. Suppose x + 7 = p. What is the remainder when p is divided by 12/(-9)*3/(-1)?
3
Calculate the remainder when 6/(-8) + (-700)/(-16) is divided by 12.
7
What is the remainder when 76/((7/2)/7) is divided by 31?
28
Let g = 129 - 57. Let h = 32 - g. What is the remainder when 19 is divided by (h/12)/(1/(-3))?
9
Let f(z) = z + 2. Calculate the remainder when 5*(-1 - (-5 + 0)) is divided by f(5).
6
Let k be (0 - 3)*68/(-12). Let p = k - 7. What is the remainder when p is divided by 6?
4
Suppose -5*q + 2*u = -u + 5, 4*u = 3*q + 14. Calculate the remainder when 9 is divided by q.
1
Suppose 0 = 5*w + 10, -2*w = -4*c + 89 - 21. What is the remainder when 60 is divided by c?
12
Let q be 4/4 - (-1 + -49). Suppose -2*j - 17 = -q. What is the remainder when j is divided by 9?
8
Let q(f) = f**2 + 4*f + 5. What is the remainder when 11 is divided by q(-1)?
1
Let u = -13 - -20. What is the remainder when u is divided by 5?
2
Suppose -26*o + 2259 = 543. What is the remainder when o is divided by (-6)/(-21) - (-234)/14?
15
Suppose -2*c - 4*t = -0*t - 58, -3*c + 83 = 4*t. Calculate the remainder when 72 is divided by c.
22
Let g(i) = i + 0*i - 1 + 0. Suppose 2*j + 15 = 5*j. Calculate the remainder when g(j) is divided by 2.
0
Suppose -1 = -q - 2*y, 2*q - 4*y + 24 = -14. Let t(z) = z - 9. Let k be t(0). Calculate the remainder when 3 is divided by 2/k - 20/q.
1
Suppose -5*j - 2*k + 9 = -4*k, -k - 3 = -2*j. Suppose -o - 26 = -j*o. Calculate the remainder when 37 is divided by o.
11
Let p = -8 + 5. Let w = p - -14. Suppose 5*i - 3*t - 68 = 0, -i + t = -w - 3. What is the remainder when 37 is divided by i?
11
Let i(m) = m**2 - 14. Calculate the remainder when i(6) is divided by 12.
10
Let h = 1 - -5. What is the remainder when -4*(-9)/(-12)*-5 is divided by h?
3
Suppose -4*d + 1 = -4*l - 31, d - 14 = -l. Calculate the remainder when d is divided by -3*2*2/(-4).
2
Let r(b) = b**3 - 14*b**2 - 12*b + 17. What is the remainder when r(15) is divided by 16?
14
Suppose i - 6*i + 30 = 0. What is the remainder when 21 is divided by i?
3
Let m(k) = 8*k + 29. Calculate the remainder when m(5) is divided by 12.
9
Let x = 164 + -107. What is the remainder when x is divided by 20?
17
Suppose 22 = 4*w + 6. Calculate the remainder when 10 is divided by w.
2
Let k = 23 - 15. Let b = 9 + k. What is the remainder when 32 is divided by b?
15
Suppose -2*z = 3*l - 3 - 1, -l = -2*z - 4. Suppose 8 + l = -d. Let k = d + 25. What is the remainder when 27 is divided by k?
12
Let l = 41 + -27. What is the remainder when l is divided by 4?
2
Let o(n) = -n**2 - 20*n - 3. What is the remainder when o(-9) is divided by 33?
30
Suppose -4*b = -h - 2 - 7, 20 = 5*b - 3*h. Let p = 29 - 27. Calculate the remainder when p is divided by b.
0
Suppose -12 = -0*f - 4*f. Let t = 1 - -3. Suppose f*w = t*w - 6. Calculate the remainder when w is divided by 2.
0
Suppose -252 = -5*c - 62. What is the remainder when c is divided by 10?
8
Let m(g) = 8*g - 7. Let y = 0 - -17. What is the remainder when m(5) is divided by y?
16
Let p(m) = -m + 6. Let h be p(0). Let k = 65 - 39. What is the remainder when k is divided by h/4*84/9?
12
Let n = 1 + 6. Suppose 0 = x - 5*x + 32. What is the remainder when n is divided by (-1 - 0)/((-2)/x)?
3
Let k = 34 - 27. What is the remainder when 12 is divided by k?
5
Let n = 41 - 18. Let b = n + -7. Let m = 102 + -41. What is the remainder when m is divided by b?
13
Let m = 60 + -26. Let b = -11 - -29. Calculate the remainder when m is divided by b.
16
Suppose -123 = -0*j - j + 3*d, 3*d = 5*j - 555. Calculate the remainder when j is divided by 37.
34
Let d(s) = -s**2 - 6*s - 4. Let x be d(-2). Let q(o) = o**2 + 1. Calculate the remainder when 65 is divided by q(x).
14
Suppose 10*d - 1033 + 183 = 0. Calculate the remainder when d is divided by 44.
41
Suppose -5*v = 3*m - 98, 5*m - v + 4*v - 190 = 0. What is the remainder when m is divided by 25?
16
Let f(x) = -42*x**3 - x**2 + 6*x + 7. Calculate the remainder when f(-1) is divided by 13 + (2 - 5) + 1.
9
Suppose 4*v + 5*z - 31 = 0, -4*v + 41 = -2*z + 5*z. What is the remainder when -52*(-1)/2*1/1 is divided by v?
12
Let i(q) = 2*q**2 - 2*q + 1. Let c = 8 - 7. Let m be i(c). Let k = 13 + m. What is the remainder when 27 is divided by k?
13
Let h be (-24)/16*4/(-3). Suppose -5*l + h*p - 3*p = -30, 0 = 3*l - 3*p. Calculate the remainder when 7 is divided by l.
2
Let r(p) = p + 17 + 6 - 6. Calculate the remainder when 8 is divided by r(-12).
3
Let t(a) = -a**2 + 8*a. What is the remainder when 46 is divided by t(6)?
10
Let g(d) = 3*d + 1. Let t be g(-3). Let s be (t/(-6))/2*9. Suppose 0 = -p + s + 8. Calculate the remainder when 41 is divided by p.
13
Suppose -4*l + 7 = -9. Suppose -5*b - 46 = -0*c - 4*c, b + 38 = l*c. What is the remainder when 34 is divided by c?
7